{"version":"1.0","provider_name":"SECUMAR","provider_url":"https:\/\/www.secumar.com\/en\/","author_name":"Mona D\u00fcnkel","author_url":"https:\/\/www.secumar.com\/en\/author\/mona-duenkel\/","title":"Zu Wasser und zu Land\u201c mit Peter Schoettler - SECUMAR","type":"rich","width":600,"height":338,"html":"<blockquote class=\"wp-embedded-content\" data-secret=\"yOCyR4CYpO\"><a href=\"https:\/\/www.secumar.com\/en\/events\/zu-wasser-und-zu-land-mit-peter-schoettler\/\">Zu Wasser und zu Land\u201c mit Peter Schoettler<\/a><\/blockquote><iframe sandbox=\"allow-scripts\" security=\"restricted\" src=\"https:\/\/www.secumar.com\/en\/events\/zu-wasser-und-zu-land-mit-peter-schoettler\/embed\/#?secret=yOCyR4CYpO\" width=\"600\" height=\"338\" title=\"&#8220;Zu Wasser und zu Land\u201c mit Peter Schoettler&#8221; &#8212; SECUMAR\" data-secret=\"yOCyR4CYpO\" frameborder=\"0\" marginwidth=\"0\" marginheight=\"0\" scrolling=\"no\" class=\"wp-embedded-content\"><\/iframe><script type=\"text\/javascript\">\n\/* <![CDATA[ *\/\n\/*! This file is auto-generated *\/\n!function(d,l){\"use strict\";l.querySelector&&d.addEventListener&&\"undefined\"!=typeof URL&&(d.wp=d.wp||{},d.wp.receiveEmbedMessage||(d.wp.receiveEmbedMessage=function(e){var t=e.data;if((t||t.secret||t.message||t.value)&&!\/[^a-zA-Z0-9]\/.test(t.secret)){for(var s,r,n,a=l.querySelectorAll('iframe[data-secret=\"'+t.secret+'\"]'),o=l.querySelectorAll('blockquote[data-secret=\"'+t.secret+'\"]'),c=new RegExp(\"^https?:$\",\"i\"),i=0;i<o.length;i++)o[i].style.display=\"none\";for(i=0;i<a.length;i++)s=a[i],e.source===s.contentWindow&&(s.removeAttribute(\"style\"),\"height\"===t.message?(1e3<(r=parseInt(t.value,10))?r=1e3:~~r<200&&(r=200),s.height=r):\"link\"===t.message&&(r=new URL(s.getAttribute(\"src\")),n=new URL(t.value),c.test(n.protocol))&&n.host===r.host&&l.activeElement===s&&(d.top.location.href=t.value))}},d.addEventListener(\"message\",d.wp.receiveEmbedMessage,!1),l.addEventListener(\"DOMContentLoaded\",function(){for(var e,t,s=l.querySelectorAll(\"iframe.wp-embedded-content\"),r=0;r<s.length;r++)(t=(e=s[r]).getAttribute(\"data-secret\"))||(t=Math.random().toString(36).substring(2,12),e.src+=\"#?secret=\"+t,e.setAttribute(\"data-secret\",t)),e.contentWindow.postMessage({message:\"ready\",secret:t},\"*\")},!1)))}(window,document);\n\/* ]]> *\/\n<\/script>\n","thumbnail_url":"https:\/\/www.secumar.com\/wp-content\/uploads\/2026\/03\/Peter-Schoettler_960x960.jpg","thumbnail_width":960,"thumbnail_height":960,"description":"ars secumaris zeigt facettenreiche Motive von Peter Schoettler ab 06. M\u00e4rz 2026 F\u00fcr viele Menschen aus Wedel und Umgebung wird die n\u00e4chste Veranstaltung im Rahmen der Reihe \u201ears secumaris\u201c viel mehr sein als nur eine Ausstellung \u2013 sie wird eine Zeitreise! Der Grund ist der K\u00fcnstler selbst: Peter Schoettler."}

Mona Dünkel

ars secumaris zeigt facettenreiche Motive von Peter Schoettler ab 06. März 2026 Für viele Menschen aus Wedel und Umgebung wird die nächste Veranstaltung im Rahmen der Reihe „ars secumaris“ viel mehr sein als nur eine Ausstellung – sie wird eine Zeitreise! Der Grund ist der Künstler selbst: Peter Schoettler.
